digit of (c/1 - 3) + 67?
6
Let i be (3 - (-28)/(-12)) + 232/3. Let y = i - 17. What is the units digit of y?
1
Suppose -59*p = -21*p - 41382. What is the thousands digit of p?
1
Suppose -3 = -m - 6, -5*m = -4*c - 741. What is the units digit of (-18)/99 + c/(-11)?
7
Suppose -12 = 2*i - 0. Let t be (-54)/18 - (0 + i). What is the units digit of (4 - (t - -3))/(-2)?
1
Let l be ((-196)/(-70))/((-1)/(-20)) - 2. What is the tens digit of l/(-6) + 8 + (215 - -1)?
1
Suppose 0 = c - 3, -d - c - 2 = -9. Suppose -y = -w - 7, 29 = -d*y + 6*y - 5*w. Suppose 177 = 5*p - y*p. What is the tens digit of p?
5
Let h(d) = 16*d**2 + 4*d + 5. Let y be h(-4). Let j = y + -45. Suppose 0*z = 4*z - j. What is the tens digit of z?
5
Suppose -q + 0*q = 4, 0 = -5*f + 2*q - 37. What is the tens digit of 2/9 - (4 + 1060/f)?
1
Let m(n) = -n - 6. Let z be m(-6). Let f = 14 + 9. What is the tens digit of f - (z - (-1 - -3))?
2
Suppose -114 = -y - 4*g, -y + g = -70 - 59. Suppose f - 3*f = -y. What is the units digit of f?
3
Suppose 3697 = 9*u - 2225. What is the tens digit of u?
5
Let r(g) = -24*g - 40. Suppose -9 = -2*t + 5*d, -4*t - 8 = -4*d + 4. What is the units digit of r(t)?
2
Let b = 111 + -76. Let l = -56 - -33. Let y = l + b. What is the tens digit of y?
1
Let s(f) = -2*f + 12. Let d be s(8). Let h(n) = -2*n - 5. Let p be h(d). Suppose 5*u - p*u = 44. What is the tens digit of u?
2
What is the units digit of 13 + (-153774)/(-180) + (-6)/20?
7
Let u be (-55*2)/(0 + 1). What is the units digit of (-1)/(20/8)*u?
4
Let j(x) = 5*x**3 + 8*x**2 - 21*x + 19. What is the thousands digit of j(6)?
1
What is the thousands digit of (1265/(-3))/(-7*(-5)/(-105))?
1
What is the tens digit of 225360/112 - (-3)/(-21)?
1
Let n = -16 - -14. Let p be 548/(-8) + n/(-4). Let g = -27 - p. What is the units digit of g?
1
Suppose -15*o = -20*o + 145. Let u = 10 + o. What is the tens digit of u?
3
Let h = -294 + 512. What is the hundreds digit of h?
2
Let b = -14 - -16. What is the units digit of b/((-2)/25)*-3?
5
Let h(c) = 2*c - 20. Let f be h(8). What is the tens digit of (-111)/f - 1/(-4)?
2
Suppose 7*o + 1763 = 12018. What is the units digit of o?
5
Suppose -3*f + 8 = f. Suppose f*q = 79 + 157. What is the units digit of q?
8
Suppose 2*d = 5*d - 102. Let k = d - 21. Suppose 0 = -5*l - 5*p + 21 + 34, 2*l = 5*p - k. What is the units digit of l?
6
Let n = -6228 + 8809. What is the hundreds digit of n?
5
Let d(t) = 192*t + 421. What is the tens digit of d(21)?
5
Let g be 1/(-2) - 9/(-2). Suppose -g*k + 37 = h - 0*k, 79 = 3*h - 4*k. What is the tens digit of h?
2
Let n(u) be the first derivative of u**5/60 - 3*u**4/8 - u**3/2 + u**2 + 5. Let r(t) be the second derivative of n(t). What is the units digit of r(10)?
7
Let h = -15 - -21. What is the units digit of h/18 + 502/6?
4
Suppose -7*p = -5*p - 12. What is the tens digit of (p/5)/(-1 - (-892)/880)?
8
Let p = 136 + 259. What is the tens digit of p?
9
Let a be -1 - ((-2)/2 - 1). Let k be (3 + a)/4*-52. What is the units digit of (k/12)/((-2)/6)?
3
What is the thousands digit of -9569*(-4 + 234/63)?
2
Suppose 4*r - 5*a - 6617 = 0, 3*r + 61*a - 4919 = 56*a. What is the hundreds digit of r?
6
Let o(z) = -22*z + 9. Let w be (-1 - 0)/(15/30). What is the tens digit of o(w)?
5
What is the tens digit of (2 - (-4)/5)/(7/1295)?
1
Suppose 3*r = -r + 2*r. Suppose 5*a + r*y - 1085 = -2*y, 5*a - 1100 = -5*y. What is the tens digit of a?
1
Let f = 1198 - 1013. What is the hundreds digit of f?
1
Let d = 288 + -211. What is the units digit of d?
7
Suppose 4*a - 8 = 0, -2*u + 4*a + 8 = 2*a. Suppose -2*f - 3*s = f + 18, -f = -3*s - u. Let b(t) = -t**3 + 3*t**2 + 4*t - 1. What is the tens digit of b(f)?
4
Let u(x) = -x**3 + 6*x**2 - 2*x - 6. Let g be u(5). Let k = -15 + 33. Let a = k - g. What is the units digit of a?
9
Let b = 34 - 32. Suppose -b*m = -7*m + 305. What is the units digit of m?
1
Suppose 112*o - 6 = 109*o. Suppose -4*f + 643 = -o*y - 475, -3*y = 5*f - 1381. What is the hundreds digit of f?
2
Let q(x) = 7 + x + 6 - 5*x + x. What is the tens digit of q(-12)?
4
Suppose 2*o = -2*h + 112, -3*o - o = h - 53. Suppose -3*y + h + 276 = 0. What is the hundreds digit of y?
1
Let s(z) be the first derivative of -z**5/60 + 13*z**4/24 + 4*z**2 + 6. Let q(i) be the second derivative of s(i). What is the tens digit of q(10)?
3
Let t = 8 - 11. Let k be 67/4*(-7 - t). Let j = k + 135. What is the tens digit of j?
6
Let r be (1 - (-5 - -3)) + 14. Suppose 294 = r*a - 14*a. What is the units digit of a?
8
Suppose 4*s + 8 = 4*g, 2*g - 7*g = 2*s - 31. Suppose -s*w = d - 66, 0 = 2*w + 4*d + d - 44. What is the tens digit of w?
2
Let y(b) = -b**3 + 4*b**2 - 2*b - 1. Let w be y(4). Let v(x) = x**3 + 11*x**2 + 11*x + 10. Let s be v(w). Suppose 0 = -r + 1 + s. What is the units digit of r?
4
Let c(d) = -d**2 - 9*d - 13. Let u be 45/(-10)*4/3. Let o be c(u). Suppose 9*r - 16 = o*r. What is the units digit of r?
4
Suppose -5*s = -v - 4046, -2*v - v = 2*s - 1615. What is the tens digit of s?
0
Suppose -171*k = -168*k - 2*q - 7008, 5*q = 15. What is the hundreds digit of k?
3
Suppose 10*c - 12*c + 1898 = -3*z, 2*z - 4707 = -5*c. What is the hundreds digit of c?
9
Let h = 169 - 89. Let r = -36 + h. What is the units digit of r?
4
Suppose -2*d = -4*q + 2958, 2*d + 8 = 6. What is the tens digit of q?
3
Suppose 5*q - 24 = -4*g, -4*q - 4 = -5*g - 15. Suppose -7 = -3*x - q. What is the units digit of x?
1
Suppose -2*y + 3589 = 35*y. What is the units digit of y?
7
Suppose 0 = 197*x - 207*x + 2550. What is the hundreds digit of x?
2
What is the units digit of (-226*(-2)/4)/1?
3
Let a = -1 + -18. Let j = a - -28. What is the units digit of j?
9
Let p(s) = 20*s**2 - 2*s - 3. What is the hundreds digit of p(-4)?
3
Let m(n) = -n**3 + 17*n**2 + 29*n + 25. What is the tens digit of m(16)?
4
Let c = 10 - 7. Suppose c*y - 2 = 5*y. What is the units digit of 1*(3 + y) - -7?
9
Let p(b) = 14*b**2 - 10*b + 1. What is the units digit of p(5)?
1
Suppose 10 = -8*p + 3*p. What is the units digit of ((-73)/(-3))/((-28)/(-12) + p)?
3
Let l = 5 - 1. Suppose l*p - 144 = -2*v, -4*v = -4*p + 5 + 163. What is the units digit of p?
8
Suppose 2*n - 4*u = 4560, -5*n + 2265 = -4*n + u. What is the hundreds digit of n?
2
Suppose -5*p = 10, -1 = 4*g + 4*p - 9. Suppose 2 = -d + 5*t - 23, -34 = g*d + 2*t. Let s(i) = -i + 13. What is the tens digit of s(d)?
2
Let i = 30 + -26. Suppose x + i*m = 11, -4*m = -m + 12. What is the units digit of x?
7
Let f(t) be the second derivative of 2*t**3 + 39*t**2/2 + 29*t. What is the units digit of f(12)?
3
Let l = 6 - 1. What is the tens digit of (-104 - 2)*l/(-10)?
5
Let l(h) be the first derivative of -h**3/3 - h**2/2 + 129*h + 20. What is the tens digit of l(0)?
2
Suppose j - 571 = -4*x + 454, -j = -2*x + 505. Let n = x + -19. What is the hundreds digit of n?
2
Let w(c) = -c**3 + 6*c**2 + c + 12. Let o(u) = -2*u**3 - u**2 + 4*u + 3. Let j be o(-2). Let k be w(j). What is the units digit of ((-1)/2)/(3/k)?
5
Let p(l) = 87*l + 8. Let t be p(2). Let v = -129 + t. What is the tens digit of v?
5
What is the units digit of 1406/8*(-10 + 14)?
3
Let u(o) = 3*o**2 + 3*o - 3. Let t be u(-8). Suppose -2*a + t = 3*a. What is the tens digit of 0 - 4/((-4)/a)?
3
Suppose 9*z - 8*z = 0. Suppose -q + 0*q + 2*j + 222 = 0, 3*q - j - 651 = z. Suppose q = 5*m + 4*u + 85, u + 136 = 5*m. What is the tens digit of m?
2
Suppose -2*r = -4*r + 44. Let k = r + -44. What is the units digit of 3 - (k - 3) - -1?
9
Suppose -4*c = 4*w - 3*w - 85, w = 3*c + 99. Let o(r) = -3*r**3 - 2*r**2 + 3*r + 2. Let a be o(-3). Let n = w - a. What is the tens digit of n?
3
What is the tens digit of (-1583)/(-4) + (-11)/352*-8?
9
Suppose 18*p - 2*h = 15*p + 6184, 5*p - 13*h = 10268. What is the thousands digit of p?
2
Suppose 4*i = 2*r + 2*i - 30, -4*i = r + 5. Let y be (0 + 1)*-2 + -11 + 23. Let q = r + y. What is the units digit of q?
1
Let c be (-28)/21*(-9)/2. Let w(a) = 20*a + 12. What is the hundreds digit of w(c)?
1
Suppose 4*u + 559 = s + 3*u, 2*s = 3*u + 1120. What is the units digit of s?
7
Let r = -16 + 23. Suppose -3*j = k - 72 + r, -238 = -4*k - j. What is the units digit of k?
9
What is the tens digit of 1*(30/6 - -1396)?
0
Let c = 5 + -2. Suppose -4*g - c*g + 406 = 0. What is the tens digit of g?
5
Let 